en (-4)/(-10) + -3*(-292)/a is divided by z?
7
Let y = 156 + -88. Let q = y - 49. What is the remainder when 24 is divided by q?
5
Suppose f - p - 886 = 0, -4*p - 844 = -2*f + 922. What is the remainder when f is divided by 27?
25
What is the remainder when 71 is divided by -5 - (-51)/34*2*13?
3
Let h(q) = 21*q**3 - q**2 + q - 1. Let g be h(1). Let t be (-20)/(-10)*(0 - -1). Let x = g + t. What is the remainder when x is divided by 8?
6
Suppose 5*j + 2285 = 2*i, -94*i - j = -95*i + 1135. What is the remainder when i is divided by 103?
100
Suppose 55*n + 5544 = 67*n. What is the remainder when n is divided by 29?
27
Calculate the remainder when 186 is divided by 74 + 24/(-4) + -5.
60
Let z(m) = 175*m + 17. Calculate the remainder when z(2) is divided by 41.
39
Let c = -5 - -5. Suppose -5*j - 5 = c, -2*j + 3*j = 3*g - 181. Suppose -x = 4*f - 2*x - 84, -4*x - 21 = -f. What is the remainder when g is divided by f?
18
Let n(t) = t**3 - 8*t**2 + 27*t - 18. What is the remainder when 120 is divided by n(3)?
12
Suppose -18 + 414 = 9*t. Suppose -9 = 5*z - t. What is the remainder when 20 is divided by z?
6
Calculate the remainder when (-4)/12*((-3110)/2 - 2) is divided by 20.
19
Calculate the remainder when (-5)/(-2)*(-42292)/(-485) is divided by 29.
15
Suppose 0 = -5*q + 2*c + 31, -2*c + 12 = -6*c. Suppose 38 + 107 = q*k. Calculate the remainder when k is divided by 10.
9
Let v = 10 - -8. Let p = v - 14. Let x(w) = -w**3 - 6*w**2 + 5*w. What is the remainder when x(-7) is divided by p?
2
Let r(t) = -t**3 - 22*t**2 + 44*t - 20. What is the remainder when 237 is divided by r(-24)?
9
Let n(m) = m**3 - 11*m**2 - 24*m + 106. Calculate the remainder when n(13) is divided by 20.
12
Let s(h) = -4*h. Let q be s(-1). Let j(t) = t**2 - 5*t - 1. Let y be j(q). What is the remainder when 19 is divided by 7 + y - (-18)/2?
8
Let k = 60 - 42. What is the remainder when (0 - 3)*(-88)/3 is divided by k?
16
Suppose -w + 104 = 5*j, -j = 5*w - 0*j - 472. Suppose w*v - 92*v = 130. What is the remainder when v is divided by 17?
14
Suppose 5*s = 153 + 2. What is the remainder when 56 is divided by s?
25
Calculate the remainder when 9 is divided by (5 + (-120)/25)/(2/70).
2
Suppose -f - 3*f = 0. Let i = f + 2. What is the remainder when 189/(-18)*(-6)/9 is divided by i?
1
Suppose -5*g - 3*f = 27, -5*g - 4*f = -2*f + 23. Calculate the remainder when (g - 16/(-4)) + 99 is divided by 26.
22
Let h(o) = -o**3 + 5*o**2 - o + 4. Suppose 0*u + 10*u = 60. Calculate the remainder when h(4) is divided by u.
4
Suppose 10*o - 5*o - 34 = -2*c, 5*o = 2*c + 26. Suppose -2*b + 14 = 20 - 12. Calculate the remainder when o is divided by b.
0
Let z(g) = -9*g**3 + 3*g**2 + 17*g - 9. Calculate the remainder when z(-3) is divided by 22.
12
Suppose 0 = 4*u - 6 - 70. What is the remainder when (5/(60/(-16)))/((-1)/69) is divided by u?
16
Suppose 368 - 944 = -6*i. Suppose -6*x + i + 294 = 0. Calculate the remainder when x is divided by 33.
32
Suppose 0 = 11*s - 94 - 302. Suppose -12*a + 8*a = -s. What is the remainder when 31 is divided by a?
4
Let k be 29/9 + 26/(-117). Suppose -4 = k*d - 49. Calculate the remainder when 27 is divided by d.
12
Let w(k) = 12*k**2 - 1 - 4*k**2 - 4*k + 7*k + 5*k**2. Let l be w(-4). Let p = l + -117. Calculate the remainder when p is divided by 20.
18
Let h(s) = -s. Let o be h(-4). Suppose 0 = -o*l + 10*l - 522. What is the remainder when l is divided by 22?
21
Let k be (-7926)/(-33) - (-2)/(-11). Suppose -t - 3*t = -k. Let c = t + -27. What is the remainder when c is divided by 17?
16
Let j(w) = w**3 - 5*w**2 + 7*w - 10. Let d be j(4). Let y = -7 + 39. Suppose y = -g + d*g. What is the remainder when 93 is divided by g?
29
Calculate the remainder when (-44)/143*-163 - 2/13 is divided by 4.
2
Suppose 0 = 6*j + 4*j - 1470. Calculate the remainder when j is divided by 17.
11
Calculate the remainder when 1 + 6/5*(-85)/(-2) is divided by 14.
10
What is the remainder when 1978 is divided by (-88)/(9 - (-99)/(-9))?
42
Let l(c) = -c**3 + 11*c**2 - 9*c - 10. What is the remainder when 180 is divided by l(6)?
64
Let j(m) = -6*m**2 + 16*m - 1. Let q be j(3). Let k = -4 - q. What is the remainder when 6 is divided by k?
0
Let l(y) = 6*y + 211. Calculate the remainder when 351 is divided by l(-15).
109
Let c(p) be the second derivative of p**3/6 + 5*p**2/2 - 7*p. What is the remainder when c(-3) is divided by 2?
0
Let n(x) = x**3 - 7*x**2 - 6*x - 3. Let i be n(8). Let y = i - 5. Calculate the remainder when 39 is divided by y.
7
Let i = 18 + -17. Suppose -4*t + i - 17 = 0. Calculate the remainder when 57 is divided by (-76)/t + -1 + -3.
12
Let w be ((-6)/(-4))/((-6)/8). Let k(t) = -97*t + 208. Calculate the remainder when w/(-5) + 183/5 is divided by k(2).
9
Suppose 0 = -5*b + 73 + 257. Let f(p) = 4*p + 5. Let x(i) = 2*i**2 - 2*i + 3. Let g be x(1). Calculate the remainder when b is divided by f(g).
15
What is the remainder when -10 + 205*(-4)/(-20) is divided by 16?
15
Let h(s) = -s**2 - 8*s. Let o be h(-8). Let c = o + 0. Suppose -15*d + 13*d + 106 = c. Calculate the remainder when d is divided by 18.
17
Let q be (-9 - -1)*1/(-1). Suppose 2*f + q = 3*j - 2*j, -j - 4 = 2*f. Suppose j*a + 7 = 25. Calculate the remainder when 17 is divided by a.
8
Calculate the remainder when 1/(-5) + -9 + (-3156)/(-30) is divided by 17.
11
Suppose 4*g = 14 + 94. Calculate the remainder when (12/(-4))/((-18)/780) is divided by g.
22
Let p(z) = z**3 + 11*z**2 + z + 26. What is the remainder when 73 is divided by p(-11)?
13
Let z = 15 + -13. Suppose v + z*v = 5*k - 21, -5*k + 2*v + 19 = 0. What is the remainder when 16 is divided by k?
1
What is the remainder when -105*(-1 - (-5)/(-15)) is divided by 37?
29
Let w(i) be the third derivative of i**5/60 - i**4/8 + 3*i**3/2 - 13*i**2. Let b(l) = l**2 + 4*l + 4. Calculate the remainder when b(4) is divided by w(5).
17
Let i(m) = 3*m + 1. Let l(y) = 2*y - 1. Let p be l(3). Let v = p + -3. What is the remainder when 11 is divided by i(v)?
4
Calculate the remainder when 2/8 - 2*(-5228)/32 is divided by 21.
12
Suppose 2*j = 2*t + 66, 0 = 3*t - 0*j + 2*j + 84. Let o = 4 + t. Let x = 47 + o. Calculate the remainder when 81 is divided by x.
18
Let y = 33 - 33. What is the remainder when -2 - -31 - (0 - y) is divided by 15?
14
Suppose -2*l + 19*a = 21*a - 386, 4*l - 5*a - 799 = 0. Let x(u) = -6*u**3 - 2*u**2. What is the remainder when l is divided by x(-2)?
36
Let h(s) = 2*s**2 - 26*s - 33. What is the remainder when h(19) is divided by 33?
30
Suppose -5*f - 415 = 2150. What is the remainder when (f/6)/9*-2 is divided by 6?
1
Suppose 4*m - 40 = 3*y + 11, -20 = -5*m - 5*y. Suppose -4*d + 3 = 5*z + 35, 2*d - 10 = 4*z. What is the remainder when 49 is divided by ((-135)/m)/(d/5)?
24
Let b(f) = 2*f - 7. What is the remainder when 43 is divided by b(12)?
9
Let q be -7 + 10 - (1 - 0). Let h be (70 + 1)*(q + -1). Suppose -19 = -z + 3*c, -5*c + h = 4*z - 2*z. What is the remainder when z is divided by 10?
8
Suppose -3*w + 84*l - 79*l + 138 = 0, -l + 138 = 3*w. Calculate the remainder when w is divided by 1 - (6 + -2) - -13.
6
Let f = 0 + 5. What is the remainder when (-2)/(-11) - 344/(-44) is divided by f?
3
Suppose 0 = -41*p + 30747 + 48916. Calculate the remainder when p is divided by 9.
8
Suppose 3*q + 145 = 52. Suppose 3*r - 8*r = 195. Let j = q - r. What is the remainder when 29 is divided by j?
5
Let a(f) = 23*f**2 - 1. What is the remainder when 43 is divided by a(-1)?
21
Suppose 5*a - 3273 = -2*q, -3*a + 2*q - 6*q = -1961. Suppose -a = -y - 4*y. Calculate the remainder when y is divided by 33.
32
Suppose -108 = -4*q + 5*w, 3*w - 7*w + 135 = 5*q. Suppose 0*c - 14*c = -686. Suppose c = 3*g + 31. Calculate the remainder when q is divided by g.
3
Calculate the remainder when 121 is divided by 363/9 + 4 + 10/(-3).
39
Let d(n) = -n**3 - 8*n**2 - 8*n - 4. Let f be d(-7). Suppose -2*o + 9 - f = 0. Calculate the remainder when 13 is divided by 1/o + (-70)/(-15).
3
Suppose -5*i + 31 - 11 = 0. Let b(f) = f**2 + 4. Calculate the remainder when b(-4) is divided by (-238)/(-28) - 6/i.
6
Let w be (-1462)/(-187) + (-2)/(-11). Suppose -13*h = -w*h - 175. Calculate the remainder when h is divided by 18.
17
Suppose -2*l - 1 = -25. Suppose 25*t - 644 = 11*t. What is the remainde